{"id":12389,"date":"2022-02-01T11:43:05","date_gmt":"2022-03-07T09:38:29","guid":{"rendered":"https:\/\/www.welterbe-gartenreich.de\/uncategorized\/restaurant-natur-pur-hotel-woerlitzer-hof\/"},"modified":"2022-03-07T10:38:30","modified_gmt":"2022-03-07T09:38:30","slug":"restaurant-natur-pur-hotel-woerlitzer-hof","status":"publish","type":"product","link":"https:\/\/www.welterbe-gartenreich.de\/en\/produkt\/host\/restaurants_cafes\/restaurant-natur-pur-hotel-woerlitzer-hof\/","title":{"rendered":"Restaurant &#8211; Natur-Pur-Hotel W\u00f6rlitzer Hof"},"content":{"rendered":"<div class=\"wpb-content-wrapper\"><p>[vc_row][vc_column][vc_gmaps link=&#8221;#E-8_JTNDaWZyYW1lJTIwc3JjJTNEJTIyaHR0cHMlM0ElMkYlMkZ3d3cuZ29vZ2xlLmNvbSUyRm1hcHMlMkZlbWJlZCUzRnBiJTNEJTIxMW0xOCUyMTFtMTIlMjExbTMlMjExZDIwNzIuNzE0MjAzMDcyNzElMjEyZDEyLjQxOTI0NDU2MzAzMzUwNSUyMTNkNTEuODQ0NzY4OTU5MzIwNzklMjEybTMlMjExZjAlMjEyZjAlMjEzZjAlMjEzbTIlMjExaTEwMjQlMjEyaTc2OCUyMTRmMTMuMSUyMTNtMyUyMTFtMiUyMTFzMHg0N2E2M2NlMmYzNDBkNWVmJTI1M0EweDFlNzExMzNmZDZiZDU2ZjglMjEyc0hvdGVsJTI1MjBMYW5kaGF1cyUyNTIwVyUyNUMzJTI1QjZybGl0emVyJTI1MjBIb2YlMjE1ZTAlMjEzbTIlMjExc2RlJTIxMnNkZSUyMTR2MTY0MzcxMzk0MzM4NSUyMTVtMiUyMTFzZGUlMjEyc2RlJTIyJTIwd2lkdGglM0QlMjIxMjIyJTIyJTIwaGVpZ2h0JTNEJTIyNDAwJTIyJTIwc3R5bGUlM0QlMjJib3JkZXIlM0EwJTNCJTIyJTIwYWxsb3dmdWxsc2NyZWVuJTNEJTIyJTIyJTIwbG9hZGluZyUzRCUyMmxhenklMjIlM0UlM0MlMkZpZnJhbWUlM0U=&#8221;][\/vc_column][\/vc_row]<\/p>\n<\/div>","protected":false},"excerpt":{"rendered":"<p><span class=\"fontstyle0\">Oranienbaum-W\u00f6rlitz, OT Stadt W\u00f6rlitz, W\u00f6rlitzer Markt 96<br \/>\nTel. (03 49 05) 411-0<\/span><\/p>\n","protected":false},"featured_media":11174,"template":"","meta":{"_acf_changed":false,"_seopress_robots_primary_cat":"","_seopress_titles_title":"","_seopress_titles_desc":"","_seopress_robots_index":""},"product_brand":[],"product_cat":[184],"product_tag":[],"class_list":{"0":"post-12389","1":"product","2":"type-product","3":"status-publish","4":"has-post-thumbnail","6":"product_cat-restaurants_cafes","8":"first","9":"instock","10":"taxable","11":"shipping-taxable","12":"product-type-simple"},"acf":[],"_links":{"self":[{"href":"https:\/\/www.welterbe-gartenreich.de\/en\/wp-json\/wp\/v2\/product\/12389","targetHints":{"allow":["GET"]}}],"collection":[{"href":"https:\/\/www.welterbe-gartenreich.de\/en\/wp-json\/wp\/v2\/product"}],"about":[{"href":"https:\/\/www.welterbe-gartenreich.de\/en\/wp-json\/wp\/v2\/types\/product"}],"wp:featuredmedia":[{"embeddable":true,"href":"https:\/\/www.welterbe-gartenreich.de\/en\/wp-json\/wp\/v2\/media\/11174"}],"wp:attachment":[{"href":"https:\/\/www.welterbe-gartenreich.de\/en\/wp-json\/wp\/v2\/media?parent=12389"}],"wp:term":[{"taxonomy":"product_brand","embeddable":true,"href":"https:\/\/www.welterbe-gartenreich.de\/en\/wp-json\/wp\/v2\/product_brand?post=12389"},{"taxonomy":"product_cat","embeddable":true,"href":"https:\/\/www.welterbe-gartenreich.de\/en\/wp-json\/wp\/v2\/product_cat?post=12389"},{"taxonomy":"product_tag","embeddable":true,"href":"https:\/\/www.welterbe-gartenreich.de\/en\/wp-json\/wp\/v2\/product_tag?post=12389"}],"curies":[{"name":"wp","href":"https:\/\/api.w.org\/{rel}","templated":true}]}}

Restaurant &#8211; Natur-Pur-Hotel Wörlitzer Hof

<p><span class="fontstyle0">Oranienbaum-Wörlitz, OT Stadt Wörlitz, Wörlitzer Markt 96<br />
Tel. (03 49 05) 411-0</span></p>
